 0. Suppose -n = -4*c + o, 2*o + 4 = 14. What is the remainder when c is divided by 6?
3
Let u = -67 - -123. Calculate the remainder when u is divided by 10.
6
Suppose 0 = -z + 1, -4*z + 0*z = 2*x - 122. What is the remainder when x is divided by 15?
14
Let i(q) = 3*q**3 - 4*q**2 + 4*q - 1. Calculate the remainder when 25 is divided by i(2).
10
Suppose -2*l = -3*l + 25. Calculate the remainder when l is divided by 7.
4
Suppose -c = 2 - 14. Calculate the remainder when 19 is divided by c.
7
Let o = 23 - 21. Calculate the remainder when 5 is divided by o.
1
Suppose 4*r - 25 = -1. Let p = r + 3. What is the remainder when (-6)/(2/((-16)/3)) is divided by p?
7
Let s(q) = -3*q**2 - 4*q - 2. Let t(a) = 10*a**2 + 12*a + 5. Let f(o) = -7*s(o) - 2*t(o). Calculate the remainder when 63 is divided by f(-6).
15
Suppose -72 = 3*t - 9*t. Calculate the remainder when 45 is divided by t.
9
Suppose -2*r = 0, -4*x - 4*r = r - 28. Calculate the remainder when (-176)/(-8) + 3 + 0 is divided by x.
4
Let y(k) = 2*k - 9. Let g be y(7). Suppose -5*p + 90 = 5*f, g*p + 3*f = p + 72. What is the remainder when p is divided by 7?
4
Let f(j) = 21*j**2 + j. Calculate the remainder when f(2) is divided by 29.
28
Let d be (-18)/(-4) + (-6)/(-12). Let p(h) = -h**2 + 6*h + 6. Calculate the remainder when 43 is divided by p(d).
10
Let w = 91 - 64. Let a = w - 19. Suppose -4 = -x, -60 = -4*i - 5*x + 4*x. What is the remainder when i is divided by a?
6
Let g(c) = 26*c - 3. Let u(x) = -207*x + 23. Let f(s) = -23*g(s) - 3*u(s). Let k(l) = -l**2 - 15*l - 6. What is the remainder when f(1) is divided by k(-14)?
7
Suppose 3*t + 3 = 4*t. Suppose 0 = h + t*h - 172. Calculate the remainder when h is divided by 11.
10
Suppose k + 122 = -4*x, -5*x - 147 + 26 = k. Let j = k - -83. Let b = -30 - j. What is the remainder when 25 is divided by b?
12
Let s(d) = d**2 + 2*d + 27. What is the remainder when s(0) is divided by 4?
3
Suppose -2 = 3*s + 10. What is the remainder when (9 - -1)/(s/(-14)) is divided by ((-2)/(-3))/((-3)/(-54))?
11
Let a(w) = w + 12. Let d be a(-5). Let t(q) = 7*q + 4. Let l be t(d). Suppose -5*v + l = 8. What is the remainder when 17 is divided by v?
8
Calculate the remainder when 96 is divided by (1*33)/((-3)/(-3)).
30
Let q(r) = -15*r**3. Let j = 0 - 2. Let h be q(j). Suppose 2*d - 5*l - 107 = -32, -l = 5*d - h. What is the remainder when d is divided by 9?
7
Suppose 28 = 3*c - 128. Suppose -3*v + 36 = -18. What is the remainder when c is divided by v?
16
Let a = -11 - -25. What is the remainder when 21 is divided by a?
7
Suppose -3*s = s - 16. Suppose -10 - 2 = -s*h. What is the remainder when 5 is divided by h?
2
Let c be 60/(-18)*(-198)/5. Suppose y - c = -2*y. Let o(l) = 4*l**2 + 2*l + 3. What is the remainder when y is divided by o(-2)?
14
Let s(v) = 2*v**3 - 6*v**2 + 5*v - 1. Calculate the remainder when s(5) is divided by 25.
24
Suppose 4*i + 2 = -0*g + 2*g, -i = g - 13. What is the remainder when 25 is divided by g?
7
Suppose -5*o + 233 = -117. Calculate the remainder when o is divided by 28.
14
What is the remainder when (84/30 - 2)*5*5 is divided by 12?
8
Suppose -4*j + 27 = 3*f - 83, -4*j = 4*f - 148. What is the remainder when f is divided by 21?
17
Let z(x) = -x**2 + 12*x + 8. Let a be z(9). Let h = -20 + a. What is the remainder when 44 is divided by h?
14
Let y be -3 + (-2 - -2) + 3. Suppose -3*a + a + 2 = y. What is the remainder when 22 is divided by 0/a + (-24)/(-3)?
6
Let i = -10 + 22. Suppose 4*k = 3*b - 33, -3*b + 3*k = -6*b + 12. What is the remainder when i is divided by b?
5
Suppose -4*v - 34 = -5*l, 3*l + 9 = 5*l + 3*v. Let c be 6/(-21) + (-69)/(-21). Suppose c*t - 72 = -l. What is the remainder when t is divided by 12?
10
Let f(q) = -q**2 + 8*q - 5. Let l be f(8). Let a = 6 - l. What is the remainder when a is divided by 4?
3
Suppose -4*r = -5*t + 299, -t - 4*r = -0*t - 79. What is the remainder when t is divided by 13?
11
Suppose 3*g + 3*y + 124 = -2*g, -5*y + 10 = 0. Let q = g + 62. What is the remainder when q is divided by 14?
8
Suppose 17 = 5*x - 18. What is the remainder when x is divided by 5?
2
Suppose -2*s = -6, 2*a - 4*s + 2 = -8. Let j = -2 - -3. Calculate the remainder when a is divided by j.
0
Let u be 2*-2*(-54)/(-8). Let n = -10 - u. What is the remainder when n is divided by 5?
2
Suppose -19 = -4*h + 5. Let l = h - 0. What is the remainder when 23 is divided by l?
5
Let n = 13 - 19. Let h = n - -10. Let q = 7 - h. What is the remainder when 8 is divided by q?
2
Suppose 36*j - 225 = 27*j. Suppose 0 = 2*m + 5*y - 13, 3*y - 8*y = m + 1. Calculate the remainder when j is divided by m.
11
Suppose -3*t + 5*j = -65, 3*j - 1 = 5. Suppose -2 = -2*o + o, -2*y = -o - 4. Suppose y*x = 50 + t. Calculate the remainder when x is divided by 9.
7
Suppose -35 = -7*w + 2*w. What is the remainder when w is divided by 1 + 3 + -5 + 5?
3
Suppose 0 + 10 = p. Calculate the remainder when 38 is divided by p.
8
Let i(a) = -a**2 + 6*a + 10. Let q be -1 + 3/(-3)*-8. Let m be i(q). Suppose m*n = -2*n + 35. What is the remainder when n is divided by 4?
3
Let x = 33 + -16. Suppose -3*w + 288 = 6*w. Calculate the remainder when w is divided by x.
15
Let k = 142 - 80. Calculate the remainder when k is divided by 13.
10
Let r = -39 - -47. What is the remainder when 28 is divided by r?
4
Let x = -6 + 7. Suppose -5*y - x = -21. Calculate the remainder when 7 is divided by y.
3
Let b = -8 + 11. Let k(t) = -3*t - 4*t**2 + 1 + t**3 + 4*t - b*t. What is the remainder when 46 is divided by k(5)?
14
Suppose 375 - 147 = 3*k. Let t = k + -41. Calculate the remainder when t is divided by 12.
11
Suppose -2*u = -3 - 3. Suppose 0 = 2*m + 3*m + u*n + 107, -4*m + 4*n - 92 = 0. Let k = 39 + m. Calculate the remainder when k is divided by 9.
8
Let n = 4 + -10. Let d = 181 - 177. What is the remainder when n/15 + 54/10 is divided by d?
1
Let l = -182 - -336. Calculate the remainder when l is divided by 31.
30
Let g(h) = -h**3 - 6*h**2 - h + 4. Suppose -8*c = -7*c + 6. What is the remainder when 18 is divided by g(c)?
8
Let y(z) = z**2 + 10*z - 11. Let j be y(-16). Suppose 8*i - j = 3*i. Calculate the remainder when i is divided by 5.
2
Suppose 5*u - 8 = u. Suppose -u*y = -7*y. What is the remainder when (6/(-3))/(-1 - y) is divided by 2?
0
Let a(p) = -2*p + 2. Let m = -7 - -4. Suppose -25*y = -28*y + 42. What is the remainder when y is divided by a(m)?
6
Suppose 4*v - 157 + 17 = 0. Calculate the remainder when 277 is divided by v.
32
Let p(f) = -3*f - 6. What is the remainder when 46 is divided by p(-6)?
10
Let p = 20 - 8. Let t(f) = -f**3 - 7*f**2 + 9*f + 42. Calculate the remainder when t(-8) is divided by p.
10
Let z(v) = -4 - v + 0*v + 3. Let m be z(-5). Suppose 6 = a - 2*a + 4*d, -m = -4*a + 2*d. Calculate the remainder when 4 is divided by a.
0
What is the remainder when (-7 + 3)*(-70)/4 is divided by 12?
10
Suppose 4*y = -2*w + 202, 5*y + 0*w = w + 249. What is the remainder when 47 is divided by (1 - 0)*y/2?
22
Let q(t) = -t + 8. Let r be q(7). Let f = r + 5. Let p = -15 + 24. Calculate the remainder when p is divided by f.
3
Let h(f) = 4*f**2 + 8*f - 13. Let j(m) = 5*m**2 + 9*m - 14. Let a(x) = 4*h(x) - 3*j(x). Calculate the remainder when 7 is divided by a(-7).
3
Let f = 15 - 25. Let r be (0 + (-8)/(-12))*30. Let s = r + f. What is the remainder when s is divided by 6?
4
Let f = -24 - -56. Let m = 12 - 1. What is the remainder when f is divided by m?
10
Let s(i) = -i - 1. Suppose 69*w = 76*w - 7. What is the remainder when w is divided by s(-2)?
0
Suppose -17*n + 12*n + 10 = 0. Suppose 5*v = -5*g + 180, -n*v - 182 = -3*g - 69. Calculate the remainder when g is divided by 13.
11
Suppose -4*v + 38 = -3*v. Let r(z) = z**2 - 3*z - 5. Let d be r(5). Let f = d + 15. What is the remainder when v is divided by f?
18
Suppose 0 = -5*p - 43 - 32. Suppose -5*k + 11 + 9 = 0. Calculate the remainder when k is divided by (-1)/5 + (-48)/p.
1
Let i(v) = 2 + 5*v**2 + 2*v - 2*v**2 - 3*v**2 + 2*v**2. Calculate the remainder when i(-4) is divided by 14.
12
Let a = -56 - -72. What is the remainder when 95 is divided by a?
15
Suppose 8 = 3*a - 1. Suppose -4 = a*h - 76. What is the remainder when 69 is divided by h?
21
Suppose 41 = -4*c - 155. Suppose -3*i + 22 + 44 = 0. What is the remain